 a composite number?
True
Is 2283323041 composite?
True
Is 1558048949 a prime number?
True
Is 17485149169 composite?
True
Is 67555295333 a prime number?
True
Is 18306110413 composite?
True
Is 153694129577 prime?
True
Is 6889457797 prime?
True
Is 13336473569 prime?
False
Is 48495340931 composite?
False
Is 667727129 a prime number?
True
Is 12598542023 a composite number?
True
Is 10998286787 a composite number?
True
Is 11396532893 composite?
True
Is 349798373 a prime number?
True
Is 33178099561 composite?
False
Is 384179777 a composite number?
True
Is 42646567 composite?
True
Is 4014960709 a composite number?
True
Is 29616620897 prime?
False
Is 2407347691 prime?
False
Is 1326124201 prime?
False
Is 1923902103 composite?
True
Is 1037174447 a composite number?
False
Is 44276756623 composite?
True
Is 5337238069 prime?
False
Is 1574181437 a prime number?
True
Is 7048460905 a prime number?
False
Is 750489989 a composite number?
False
Is 15585686807 prime?
False
Is 5879786699 a composite number?
False
Is 16133452493 a composite number?
True
Is 8659229881 a prime number?
True
Is 237990349 a prime number?
True
Is 537619547 prime?
False
Is 10445261503 a composite number?
True
Is 2032762771 a composite number?
True
Is 4742398389 prime?
False
Is 70043551367 composite?
True
Is 793296311 composite?
False
Is 5468036799 prime?
False
Is 149534392537 a composite number?
False
Is 8835065749 prime?
False
Is 286254101771 prime?
False
Is 2832862051 a prime number?
False
Is 36834861617 prime?
False
Is 9582277751 a composite number?
False
Is 228267073 composite?
True
Is 339517033 composite?
True
Is 523447913 prime?
True
Is 224928521 prime?
True
Is 335765191 composite?
True
Is 24217994755 composite?
True
Is 1709362483 a prime number?
True
Is 18967924223 prime?
False
Is 742950311 prime?
True
Is 1156636979 a prime number?
True
Is 14975047469 a composite number?
False
Is 4039064329 composite?
True
Is 37834558787 a prime number?
False
Is 292537217 composite?
True
Is 8741589861 a composite number?
True
Is 2997325517 prime?
False
Is 24399191 a prime number?
False
Is 17044499167 prime?
True
Is 1351352663 composite?
False
Is 2535242771 prime?
True
Is 2599407733 a composite number?
True
Is 1352431901 a composite number?
True
Is 20089737193 a composite number?
False
Is 278831218007 prime?
True
Is 3208727369 prime?
True
Is 3633714839 prime?
False
Is 14505325189 a composite number?
False
Is 839674643 prime?
False
Is 6701582837 a composite number?
True
Is 372395999 a composite number?
True
Is 9717577013 a prime number?
False
Is 70319111 composite?
False
Is 7033723001 a prime number?
True
Is 45893829251 prime?
True
Is 42582465619 a prime number?
False
Is 6044468921 composite?
False
Is 3602279531 composite?
False
Is 320123 a prime number?
False
Is 21996254771 a prime number?
False
Is 15799151549 a composite number?
False
Is 57892336807 composite?
False
Is 48065068931 a composite number?
True
Is 56560789 a prime number?
True
Is 141709521157 a prime number?
True
Is 176709347 prime?
True
Is 2309828723 a prime number?
True
Is 14470170913 a composite number?
True
Is 11671461499 a composite number?
False
Is 5395427599 composite?
True
Is 2918692043 a prime number?
False
Is 607554613 a composite number?
False
Is 2376697283 composite?
False
Is 16928190731 composite?
False
Is 87054545593 a composite number?
True
Is 1440031997 a composite number?
True
Is 6531809363 a composite number?
True
Is 10262553179 a composite number?
False
Is 18391909477 prime?
True
Is 58942337 a composite number?
False
Is 6169304333 a prime number?
False
Is 326999357 a composite number?
False
Is 97047037 prime?
True
Is 1511072903 prime?
False
Is 1345975991 prime?
False
Is 13179513317 a prime number?
False
Is 19633837291 prime?
False
Is 7056172979 a composite number?
True
Is 454247321 prime?
False
Is 2742145499 prime?
True
Is 11207695709 a prime number?
False
Is 18138883313 a prime number?
True
Is 3786837931 prime?
True
Is 4823678263 composite?
False
Is 16041155381 composite?
True
Is 31087139 a prime number?
True
Is 94524071 prime?
True
Is 5684340521 a composite number?
True
Is 5131842197 composite?
True
Is 2152206149 prime?
False
Is 19803712469 a composite number?
False
Is 151496423087 prime?
True
Is 66471704939 a composite number?
False
Is 1848874553 composite?
True
Is 195131208865 a composite number?
True
Is 5425301 prime?
False
Is 48927208403 prime?
False
Is 2765950691 a prime number?
False
Is 293634199 composite?
False
Is 56707867 a composite number?
True
Is 7870330821 a prime number?
False
Is 16633144159 a prime number?
False
Is 12754643917 prime?
True
Is 21582605987 a composite number?
True
Is 1233473587 a prime number?
True
Is 87601613 a composite number?
True
Is 4059567269 a composite number?
False
Is 603246659 a composite number?
False
Is 1272883049 prime?
True
Is 11512622311 prime?
True
Is 15072034687 prime?
False
Is 7455021667 prime?
True
Is 20530678871 composite?
True
Is 3996661621 composite?
False
Is 481235429 a prime number?
True
Is 174107233 prime?
True
Is 139060989313 prime?
True
Is 14511372739 prime?
True
Is 9760848023 a composite number?
True
Is 3308633507 a composite number?
False
Is 17694091757 composite?
False
Is 7072512977 a prime number?
True
Is 14623426079 a composite number?
True
Is 11280268451 composite?
True
Is 29450967433 a prime number?
False
Is 408160517 a prime number?
True
Is 9470551 a prime number?
True
Is 475768819 a composite number?
False
Is 328627927 composite?
True
Is 2099202179 a composite number?
False
Is 2321273983 a composite number?
True
Is 278938151 composite?
True
Is 303013631 a prime number?
False
Is 4681692457 a composite number?
True
Is 44583865393 a prime number?
True
Is 3413124019 a prime number?
True
Is 3805785509 composite?
False
Is 1739021827 prime?
True
Is 22264291207 a composite number?
False
Is 1286165033 composite?
True
Is 101485162 composite?
True
Is 53717012018 a composite number?
True
Is 2779531619 prime?
True
Is 16415051377 a prime number?
False
Is 149878201 composite?
True
Is 11008543487 prime?
True
Is 13807440161 prime?
True
Is 16170153641 a composite number?
False
Is 10582118279 prime?
True
Is 142928449 composite?
False
Is 43946962867 a composite number?
False
Is 3620975294 prime?
False
Is 740736093 a composite number?
True
Is 2643071609 a prime number?
True
Is 3779712635 prime?
False
Is 20639776154 a composite number?
True
Is 557961069 composite?
True
Is 87802213 composite?
False
Is 1176944069 a composite number?
True
Is 675333319 prime?
True
Is 1924881337 a composite number?
False
Is 50117371 prime?
True
Is 12070543657 composite?
False
Is 1788928091 prime?
True
Is 2513118913 composite?
True
Is 1767945497 a prime number?
False
Is 1845084161 a composite number?
False
Is 393298237 composite?
True
Is 10169512277 prime?
True
Is 57631580927 prime?
True
Is 4790576023 a prime number?
True
Is 307028669 prime?
True
Is 5409858299 a composite number?
True
Is 741009091 a prime number?
True
Is 673304483 a prime number?
True
Is 136041144653 a composite number?
False
Is 3015764515 prime?
False
Is 8541894569 a composite number?
True
Is 545195731 a composite number?
False
Is 2536965811 composite?
True
Is 3289355581 a prime number?
True
Is 28512293973 prime?
False
Is 513577331 prime?
False
Is 58548161 composite?
True
Is 7690322069 composite?
True
Is 207553861 composite?
True
Is 2572451711 composite?
False
Is 45306090217 composite?
True
Is 1985012201 a prime number?
True
Is 763913483 composite?
True
Is 1433037949 prime?
False
Is 272742942337 prime?
True
Is 112493729 composite?
False
Is 244882763 a composite number?
True
Is 791111879 prime?
False
Is 3626302363 composite?
False
Is 162257873 a composite number?
False
Is 61667381 a composite number?
True
Is 5844063647 a prime number?
False
Is 373701229 prime?
False
Is 4934033723 a prime number?
True
Is 14233421365 a prime number?
False
Is 53703653 composite?
True
Is 393144971 a prime number?
False
Is 4416177149 a composite number?
False
Is 470324369 a prime number?
False
Is 9078206903 prime?
False
Is 50616150059 a composite number?
False
Is 1695120233 a prime number?
True
Is 1768516417 a prime number?
False
Is 5892657583 a prime number?
True
Is 1469100041 a prime number?
False
Is 27886773121 a prime number?
True
Is 1000541260